e -b + 2*w = 522, -15*w - 2637 = 5*b - 16*w. Is 4/(-26) - b/104*2004 composite?
True
Suppose -2*z - 18 = u, 20*z - 3*u = 15*z - 56. Let m = 1351 - z. Is m prime?
True
Let h(g) = -29*g - 76. Let m be 184/(-10) - (0 + 16/(-40)). Is h(m) composite?
True
Let p(u) = 17*u + 565. Let g be p(-34). Let v = 4911 - 2897. Is (g + 8 - v)*(-14)/6 a prime number?
False
Suppose 205*n - 201*n = 115492. Is n a prime number?
False
Let x(p) = -6*p**3 - 4*p**2 - 8*p + 14. Let r be x(8). Let w = -1007 - r. Is w a composite number?
False
Suppose 245*x - 241*x - 2*n = 1373682, x - 343443 = -4*n. Is x composite?
False
Suppose 5*i = -2*y - 81, -6*y - 90 = 5*i - y. Let h = i + 879. Suppose 932 = 4*q - h. Is q a composite number?
False
Let d be (-288)/(-120) + (6/10 - 1). Suppose -d = -5*p + 4*p + 2*f, -8 = -2*p + 2*f. Suppose p*k = 2*k + 16580. Is k a composite number?
True
Suppose b - 109040 = -5*q, 22*b - 87231 = -4*q + 21*b. Is q a prime number?
False
Suppose 16 - 12 = r. Suppose r*f = -3*o + 1601, -6*f = -4*o - f + 2083. Is o prime?
False
Is ((-10184284)/33*6/(-32))/((-3)/(-12)) a prime number?
True
Let w be 17678 + (-10)/(-5) + 2 + -5. Suppose 2*t - 16141 = -3*g, 4*t + g = 14600 + w. Is t a composite number?
False
Let v be (-1)/4 + (-16)/(-64). Suppose 2*q - 3*k = q + 5543, v = 5*k. Let y = q - 3258. Is y composite?
True
Let m be (3 - -2)/(-4 - -5). Suppose 240 = 10*h - m*h. Suppose -5*o + 137 = -h. Is o composite?
False
Let c = 24 + -19. Suppose -5*p = -5*l + 10, c*p - 10 - 7 = -4*l. Suppose s = 5*z + 44 + 88, l*s + 5*z - 376 = 0. Is s a prime number?
True
Let x be (-204)/18 - 8/(-6). Let g = 113 + 228. Let t = x + g. Is t composite?
False
Suppose 0 = o - 3*o + 4*m + 98, o - 41 = 4*m. Suppose -o*k + 15102 = -54*k. Suppose 2*u + k = 8*u. Is u a prime number?
True
Let a(s) = 70*s - 34*s - 43*s - 56 + 340*s**2. Is a(-6) a composite number?
True
Let g = -17 + 24. Let q(n) be the third derivative of 5*n**4/12 + 3*n**3/2 - 25*n**2 + 2. Is q(g) composite?
False
Let x(c) = 460*c + 33. Is x(5) a prime number?
True
Let t(d) = 34164*d - 287. Is t(2) prime?
True
Is ((0 - 608474)/(-2))/((-236)/(-236)) composite?
True
Let a = 294993 - 103988. Is a composite?
True
Let l(z) = 80*z + 54. Let k be l(6). Let j = 2629 - k. Is j composite?
True
Let j = 126 + -143. Is (-38)/323 - (0 + 65401/j) a composite number?
False
Suppose -4375 = 251*d - 256*d. Let l(f) = -120*f**2 - 3*f + 2. Let k be l(2). Let i = k + d. Is i composite?
True
Let p(s) be the third derivative of 7*s**5/60 + 7*s**4/24 - 17*s**3/6 + 4*s**2. Is p(11) composite?
False
Let o be 370/(-15) - 2/(-3). Is ((-1708)/(-16))/((-6)/o) a prime number?
False
Let d be (86/(-4))/((-1)/2). Let h = -35 + d. Suppose -59 = -b + h. Is b composite?
False
Let j = 196 + -640. Let y = -205 - j. Is y a prime number?
True
Suppose -5 = -5*x + 5. Suppose p = x*w + 73 + 110, 930 = 5*p - 5*w. Let o = p + -48. Is o a composite number?
True
Let m(k) = -6*k**3 - 2*k**2 - 5*k + 5. Let h(j) = 3*j**2 - 15*j - 6. Let f be h(5). Is m(f) a prime number?
True
Let b be 6614 + 2 + -7 + -5 + 7. Suppose -3*g = -r - b, 0 = -5*g - r + 6*r + 11025. Is g a composite number?
False
Let g be 600/(1/(4/6)). Let s(a) = a**2 + 4*a - 4. Let y be s(13). Let w = g - y. Is w prime?
False
Let s(o) = 181*o**3 - 26*o**2 - 18*o + 115. Is s(12) composite?
False
Let m(s) = s**3 + 12. Let v be m(0). Let t be v/(-54) + (-76)/(-18). Suppose 4*n = 2*f + 260, -5*n + 3*f - t*f = -339. Is n a composite number?
False
Let i = -388 - -390. Suppose 9*s - i*s = 292355. Is s composite?
True
Let x(b) = -23*b**3 - 14*b**2 + 17*b - 43. Let v be x(-11). Suppose 2*f - v = -1351. Is f a prime number?
True
Let c = 1759 - -14860. Is c a composite number?
False
Suppose 110*n - 1625260 = -2*r + 108*n, 0 = -4*r - 3*n + 3250517. Is r prime?
True
Let z(x) = 17*x**2 - 4*x - 9. Let y = -18 - -23. Suppose -y*i - 8 = -7*i. Is z(i) composite?
True
Let r be 950 + -1 - (-1 - -1)/2. Let c = r - -3247. Suppose 0 = -n + 5*n - c. Is n composite?
False
Let t(y) = 10*y**2 - 2*y - 11. Let d = -32 + 37. Suppose -45 = -0*g - d*g. Is t(g) composite?
True
Let j(w) = -55449*w - 2878. Is j(-9) a composite number?
False
Suppose 56 = 5*p - 2*x, 0 = -p + 4*x - 2*x + 16. Is (1548/153 - p) + 174537/17 composite?
False
Suppose 82978 = 10*w + 4*w. Suppose 2*m + 0*m - u = 5925, 2*m = -u + w. Is m prime?
True
Suppose 5*z - 4*m = -1, 5*z + 0*z + 2*m = 23. Let r(p) = 18*p**2 - 7*p + 18. Is r(z) a composite number?
True
Let b = 1614164 - 100893. Is b prime?
True
Suppose 3*m - w = -67, w + 65 = 12*m - 15*m. Is m/(-33)*381/2 prime?
True
Suppose 7 = -23*l + 16*l. Is l/(2*4/(-3256)) a composite number?
True
Suppose 0 = -53*g + 1205776 + 388305. Is g composite?
True
Let f = -128 - -161. Suppose -285028 = -f*j + 16163. Is j a prime number?
True
Let c = 333 - -73. Let s = -88 - -88. Suppose s*d = 7*d - c. Is d a prime number?
False
Let k be 2/3 - 181282/6. Let s be (-24)/(-9)*(k/2)/(-9). Suppose -s = -6*u - 6*u. Is u prime?
True
Suppose 3*a - 112*l - 758761 = -117*l, -l - 2529062 = -10*a. Is a a composite number?
True
Let s(p) = -21081*p**3 - 8*p**2 - 11*p - 5. Is s(-1) a prime number?
False
Let b be (-1 - 23)/(4 - (-27)/(-6)). Let i be 3*(-4)/(-54) - b/(-27). Is i/2 - -1 - -29*13 prime?
True
Let h be 863184/144 - 4/3. Let l = 10234 - h. Is l prime?
True
Suppose -11*q + 114457 = -57814. Is q composite?
False
Is -10 - (-11 + -22571) - 28/4 composite?
True
Let i be (-1726)/2 - (-3 - 20/(-4)). Let q = i - -1656. Is q a composite number?
True
Suppose 0 = 5*m - 5*p - 152503 - 61752, 4*p - 42831 = -m. Is m a composite number?
True
Let d = 279266 + -67809. Is d prime?
True
Let u be 1*6 + 50897 + 40. Let m = -29942 + u. Is m a prime number?
True
Let l(c) = 2694*c**2 + 27*c + 269. Is l(10) a prime number?
True
Let i be 576/2*(5 + 81/6). Let t = i - 3785. Is t prime?
True
Suppose 3*f = -f - 2*i + 38, 3*f - 3*i - 51 = 0. Suppose j - 35 = -f. Suppose -j*q - 2732 = -27*q. Is q composite?
False
Suppose 2497295 = 4*k + 3*j, 2*k - 1248686 = 118*j - 114*j. Is k composite?
False
Let z(b) = -37*b**2 - 20*b + 48. Let q be z(3). Let p = q - -1540. Is p composite?
True
Suppose -258861 - 1355745 = -42*s. Is s a prime number?
False
Let f(h) = -h**3 - 30*h**2 - 119*h + 83. Let g be f(-25). Suppose 3*n + 1809 = 5*m, 0 = -5*m - n + 972 + 825. Let w = g + m. Is w prime?
True
Let j = -176 - -1111. Let u = j - -92. Is u a prime number?
False
Suppose -v + 9*v - 11696 = 0. Suppose 0 = b - t - 1466, 2*t - 5*t = b - v. Is b composite?
True
Suppose 5*v + 108*m - 742525 = 110*m, 594053 = 4*v + 5*m. Is v prime?
False
Let k = 16 + -12. Suppose 170 = 6*v + 38. Is k/v + (-57414)/(-154) a composite number?
False
Let a(p) = 2*p**2 + 11*p + 7. Let t be a(-7). Let l(q) = -t*q + 1 + 5 + 3. Is l(-11) a prime number?
True
Let r(k) = 1017*k + 5. Let m(o) = -508*o - 2. Let q(n) = 5*m(n) + 3*r(n). Is q(4) composite?
True
Let q = -39 - -42. Suppose 2*u + q = -2*v + 11, -5*u - 44 = -3*v. Let h(g) = -g**3 + 10*g**2 + 11. Is h(v) prime?
True
Suppose 0 = -m - 3*k, -m = -0*m + 4*k. Let h be ((-4)/(-6))/(4/6 + m). Is (-1060)/(h + -6) + 0 + -1 composite?
False
Let i be 114/95*(-820)/(-6). Suppose 161*f - i*f = -15117. Is f composite?
False
Let w(r) = -r**3 + 2*r**2 - 4*r. Suppose -3*c - 100 = 62. Let p = 47 + c. Is w(p) prime?
False
Let o be (-40)/(-180) - (-4)/(-9)*-4. Suppose -6*m + 5276 = -o*m. Is m a prime number?
True
Suppose -31*f - 4*f = -18*f - 2851393. Is f a composite number?
False
Let z(u) = u**3 - 26*u**2 - 38*u - 33. Suppose 4*p = -2*k + 5*k + 126, -2*p = 2*k - 56. Is z(p) a prime number?
False
Suppose -3910515 - 205647535 = -130*n. Is n a composite number?
True
Let f = 1794 - -309. Let y = f + -346. Is y a prime number?
False
Let t = 187 + -187. Suppose -18635 = -3*l + h + 26688, 3*l + h - 45331 = t. Is l prime?
False
Suppose -12*r + 7*r = 3*s - 3571, 0 = -3*s + 2*r + 3557. Let i = -10 + 14. Suppose i*z = s + 153. Is z composite?
True
Let t(z) = 3452*z - 989. Is t(27) a prime number?
False
Suppose h - 71 = -4*w, 6*w - 66 = -h + 7*w. Suppose -3*m + 72 = m. Let g = m + h. Is g a composite number?
True
Let c(n) be the second derivative of n**4/12 - 5*n**3/2 - 14*n**2 + 45*n. Let h be c(17). Suppose -h*f = -7*f + 533. Is f composite?
True
Suppose -75*d - 69*d + 39*d + 16413915 = 0. Is d 